{"id":43192,"date":"2018-06-11T12:35:22","date_gmt":"2018-06-11T10:35:22","guid":{"rendered":"http:\/\/www.jordenrunt.nu\/resa\/?page_id=43192"},"modified":"2018-06-28T14:28:31","modified_gmt":"2018-06-28T12:28:31","slug":"gjirokastra-albanien","status":"publish","type":"page","link":"http:\/\/www.jordenrunt.nu\/resa\/gjirokastra-albanien\/","title":{"rendered":"Gjirokastra &#8211; Sp\u00e4nnande stenstad i Albanien"},"content":{"rendered":"<p>&nbsp;<br \/>\n<img loading=\"lazy\" src=\"http:\/\/www.jordenrunt.nu\/resa\/wp-content\/uploads\/2018\/06\/gjirokaster-albanien-stentak-hus.jpg\" alt=\"gjirokaster-albanien-stentak-hus\" width=\"1000\" height=\"667\" class=\"alignnone size-full wp-image-43195\" srcset=\"http:\/\/www.jordenrunt.nu\/resa\/wp-content\/uploads\/2018\/06\/gjirokaster-albanien-stentak-hus.jpg 1000w, http:\/\/www.jordenrunt.nu\/resa\/wp-content\/uploads\/2018\/06\/gjirokaster-albanien-stentak-hus-300x200.jpg 300w\" sizes=\"(max-width: 1000px) 100vw, 1000px\" \/><\/p>\n<p>&nbsp;<br \/>\nI s&ouml;dra Albanien hittar du stenstaden Gjirokastra, som kl&auml;ttrar uppf&ouml;r en bergssluttning och l&auml;ngst upp p&aring; toppen tornar det tusen&aring;riga fortet upp sig. Den nedre delen av staden, i dalg&aring;ngen vid huvudv&auml;gen &auml;r ganska ointressant, utan det &auml;r f&ouml;rst en bit uppf&ouml;r berget som allt b&ouml;rjar bli sp&auml;nnande.<br \/>\n&nbsp;<\/p>\n<p><img loading=\"lazy\" src=\"http:\/\/www.jordenrunt.nu\/resa\/wp-content\/uploads\/2018\/06\/gjirokaster-albanien-vag-upp.jpg\" alt=\"gjirokaster-albanien-vag-upp\" width=\"1000\" height=\"602\" class=\"alignnone size-full wp-image-43193\" srcset=\"http:\/\/www.jordenrunt.nu\/resa\/wp-content\/uploads\/2018\/06\/gjirokaster-albanien-vag-upp.jpg 1000w, http:\/\/www.jordenrunt.nu\/resa\/wp-content\/uploads\/2018\/06\/gjirokaster-albanien-vag-upp-300x181.jpg 300w\" sizes=\"(max-width: 1000px) 100vw, 1000px\" \/><\/p>\n<p>&nbsp;<br \/>\nD&auml;r kl&auml;ttrar stenv&auml;gen brant uppf&ouml;r och man b&ouml;rjar f&ouml;rst&aring; varf&ouml;r staden &auml;ven kallas f&ouml;r stenstaden. H&auml;r &auml;r det mesta gjort av sten. V&auml;garna, murar, tak, v&auml;ggar, golv&#8230; allt &auml;r av sten. Och det hela tar andan ur en n&auml;r man g&aring;r h&auml;r. V&auml;ldigt brant uppf&ouml;r och v&auml;ldigt m&auml;ktigt.<br \/>\n&nbsp;<\/p>\n<p><img loading=\"lazy\" src=\"http:\/\/www.jordenrunt.nu\/resa\/wp-content\/uploads\/2018\/06\/gjirokaster-albanien-mur-plus-hus-bergstopp.jpg\" alt=\"gjirokaster-albanien-mur-plus-hus-bergstopp\" width=\"1000\" height=\"667\" class=\"alignnone size-full wp-image-43194\" srcset=\"http:\/\/www.jordenrunt.nu\/resa\/wp-content\/uploads\/2018\/06\/gjirokaster-albanien-mur-plus-hus-bergstopp.jpg 1000w, http:\/\/www.jordenrunt.nu\/resa\/wp-content\/uploads\/2018\/06\/gjirokaster-albanien-mur-plus-hus-bergstopp-300x200.jpg 300w\" sizes=\"(max-width: 1000px) 100vw, 1000px\" \/><\/p>\n<p>&nbsp;<br \/>\nSedan 2005 &auml;r denna del av staden skyddad enligt UNESCOs v&auml;rldsarv och man har nu olika projekt f&ouml;r att restaurera f&ouml;rfallna byggnader och &aring;terst&auml;lla dem till originalskick.<br \/>\n&nbsp;<\/p>\n<p><img loading=\"lazy\" src=\"http:\/\/www.jordenrunt.nu\/resa\/wp-content\/uploads\/2018\/06\/gjirokaster-albanien-stentak-hus-narbild1.jpg\" alt=\"gjirokaster-albanien-stentak-hus-narbild1\" width=\"1000\" height=\"667\" class=\"alignnone size-full wp-image-43196\" srcset=\"http:\/\/www.jordenrunt.nu\/resa\/wp-content\/uploads\/2018\/06\/gjirokaster-albanien-stentak-hus-narbild1.jpg 1000w, http:\/\/www.jordenrunt.nu\/resa\/wp-content\/uploads\/2018\/06\/gjirokaster-albanien-stentak-hus-narbild1-300x200.jpg 300w\" sizes=\"(max-width: 1000px) 100vw, 1000px\" \/><\/p>\n<p>&nbsp;<br \/>\nEn perfekt plats att spendera en natt eller tv&aring; p&aring;. F&ouml;r det &auml;r eftermiddag, kv&auml;ll och morgon som &auml;r mest sp&auml;nnande. D&aring; &auml;r inte de dagsbes&ouml;kande turisterna d&auml;r, souvenirf&ouml;rs&auml;ljare tar paus och du f&aring;r staden mer f&ouml;r dig sj&auml;lv tillsammans med lokalbefolkningen.<br \/>\n&nbsp;<\/p>\n<p><img loading=\"lazy\" src=\"http:\/\/www.jordenrunt.nu\/resa\/wp-content\/uploads\/2018\/06\/gjirokaster-albanien-gult-gammalt-hus.jpg\" alt=\"gjirokaster-albanien-gult-gammalt-hus\" width=\"900\" height=\"798\" class=\"alignnone size-full wp-image-43197\" srcset=\"http:\/\/www.jordenrunt.nu\/resa\/wp-content\/uploads\/2018\/06\/gjirokaster-albanien-gult-gammalt-hus.jpg 900w, http:\/\/www.jordenrunt.nu\/resa\/wp-content\/uploads\/2018\/06\/gjirokaster-albanien-gult-gammalt-hus-300x266.jpg 300w\" sizes=\"(max-width: 900px) 100vw, 900px\" \/><\/p>\n<p>&nbsp;<br \/>\nSkall du bes&ouml;ka Gjorokastre Fort l&auml;ngst upp p&aring; berget (och det skall du definitivt g&ouml;ra), s&aring; h&auml;ng p&aring; l&aring;set n&auml;r de &ouml;ppnar.<br \/>\n&nbsp;<\/p>\n<p><img loading=\"lazy\" src=\"http:\/\/www.jordenrunt.nu\/resa\/wp-content\/uploads\/2018\/06\/gjirokaster-albanien-stengata-plus-fort.jpg\" alt=\"gjirokaster-albanien-stengata-plus-fort\" width=\"1000\" height=\"823\" class=\"alignnone size-full wp-image-43199\" srcset=\"http:\/\/www.jordenrunt.nu\/resa\/wp-content\/uploads\/2018\/06\/gjirokaster-albanien-stengata-plus-fort.jpg 1000w, http:\/\/www.jordenrunt.nu\/resa\/wp-content\/uploads\/2018\/06\/gjirokaster-albanien-stengata-plus-fort-300x247.jpg 300w\" sizes=\"(max-width: 1000px) 100vw, 1000px\" \/><\/p>\n<p>&nbsp;<br \/>\nJag var d&auml;r strax innan klockan nio p&aring; morgonen och n&auml;r de sedan &ouml;ppnade (klockan nio) var vi bara tv&aring; bes&ouml;kare. Efter klockan halv elva ungef&auml;r b&ouml;rjar turistbussar rulla upp till fortet och d&aring; &auml;r det sk&ouml;nt att vara klar.<br \/>\nDet kostar 200 leke (ca 17 kronor) att g&aring; in och det &auml;r v&auml;rt varenda slant.<br \/>\n&nbsp;<\/p>\n<p><img loading=\"lazy\" src=\"http:\/\/www.jordenrunt.nu\/resa\/wp-content\/uploads\/2018\/06\/gjirokaster-albanien-fortet-kanoner.jpg\" alt=\"gjirokaster-albanien-fortet-kanoner\" width=\"1000\" height=\"653\" class=\"alignnone size-full wp-image-43203\" srcset=\"http:\/\/www.jordenrunt.nu\/resa\/wp-content\/uploads\/2018\/06\/gjirokaster-albanien-fortet-kanoner.jpg 1000w, http:\/\/www.jordenrunt.nu\/resa\/wp-content\/uploads\/2018\/06\/gjirokaster-albanien-fortet-kanoner-300x196.jpg 300w\" sizes=\"(max-width: 1000px) 100vw, 1000px\" \/><\/p>\n<p>&nbsp;<br \/>\nDirekt efter ing&aring;ngen, vid den stora g&aring;ngen finns ett tjugotal stora kanoner fr&aring;n andra v&auml;rldskriget.<br \/>\n&nbsp;<\/p>\n<p><img loading=\"lazy\" src=\"http:\/\/www.jordenrunt.nu\/resa\/wp-content\/uploads\/2018\/06\/gjirokaster-albanien-fortet-kanoner2.jpg\" alt=\"gjirokaster-albanien-fortet-kanoner2\" width=\"1000\" height=\"626\" class=\"alignnone size-full wp-image-43204\" srcset=\"http:\/\/www.jordenrunt.nu\/resa\/wp-content\/uploads\/2018\/06\/gjirokaster-albanien-fortet-kanoner2.jpg 1000w, http:\/\/www.jordenrunt.nu\/resa\/wp-content\/uploads\/2018\/06\/gjirokaster-albanien-fortet-kanoner2-300x188.jpg 300w\" sizes=\"(max-width: 1000px) 100vw, 1000px\" \/><\/p>\n<p>&nbsp;<br \/>\nTyskarna och Italienarna hade fortet som h&ouml;gkvarter i denna region och n&auml;r de sedan retirerade i slutet av andra v&auml;rldskriget l&auml;mnade de all st&ouml;rre utrustning kvar uppe i fortet.<br \/>\n&nbsp;<\/p>\n<p><img loading=\"lazy\" src=\"http:\/\/www.jordenrunt.nu\/resa\/wp-content\/uploads\/2018\/06\/gjirokaster-albanien-fortet-staty-tank.jpg\" alt=\"gjirokaster-albanien-fortet-staty-tank\" width=\"1000\" height=\"711\" class=\"alignnone size-full wp-image-43201\" srcset=\"http:\/\/www.jordenrunt.nu\/resa\/wp-content\/uploads\/2018\/06\/gjirokaster-albanien-fortet-staty-tank.jpg 1000w, http:\/\/www.jordenrunt.nu\/resa\/wp-content\/uploads\/2018\/06\/gjirokaster-albanien-fortet-staty-tank-300x213.jpg 300w\" sizes=\"(max-width: 1000px) 100vw, 1000px\" \/><\/p>\n<p>&nbsp;<\/p>\n<p><img loading=\"lazy\" src=\"http:\/\/www.jordenrunt.nu\/resa\/wp-content\/uploads\/2018\/06\/gjirokaster-albanien-fortet-tank.jpg\" alt=\"gjirokaster-albanien-fortet-tank\" width=\"1000\" height=\"585\" class=\"alignnone size-full wp-image-43202\" srcset=\"http:\/\/www.jordenrunt.nu\/resa\/wp-content\/uploads\/2018\/06\/gjirokaster-albanien-fortet-tank.jpg 1000w, http:\/\/www.jordenrunt.nu\/resa\/wp-content\/uploads\/2018\/06\/gjirokaster-albanien-fortet-tank-300x176.jpg 300w\" sizes=\"(max-width: 1000px) 100vw, 1000px\" \/><\/p>\n<p>&nbsp;<br \/>\nDu kan &auml;ven g&aring; utomhus uppe vid fortet.<br \/>\n&nbsp;<\/p>\n<p><img loading=\"lazy\" src=\"http:\/\/www.jordenrunt.nu\/resa\/wp-content\/uploads\/2018\/06\/gjirokaster-albanien-fortet-klocktorn.jpg\" alt=\"gjirokaster-albanien-fortet-klocktorn\" width=\"1000\" height=\"677\" class=\"alignnone size-full wp-image-43205\" srcset=\"http:\/\/www.jordenrunt.nu\/resa\/wp-content\/uploads\/2018\/06\/gjirokaster-albanien-fortet-klocktorn.jpg 1000w, http:\/\/www.jordenrunt.nu\/resa\/wp-content\/uploads\/2018\/06\/gjirokaster-albanien-fortet-klocktorn-300x203.jpg 300w\" sizes=\"(max-width: 1000px) 100vw, 1000px\" \/><\/p>\n<p>&nbsp;<br \/>\nF&ouml;rutom klocktorn och vidunderlig utsikt, finns &auml;nnu fler kanone och ett gammalt amerikanskt stridsflygplan.<br \/>\n&nbsp;<\/p>\n<p><img loading=\"lazy\" src=\"http:\/\/www.jordenrunt.nu\/resa\/wp-content\/uploads\/2018\/06\/gjirokaster-albanien-fortet-kanon-planet.jpg\" alt=\"gjirokaster-albanien-fortet-kanon-planet\" width=\"1000\" height=\"652\" class=\"alignnone size-full wp-image-43206\" srcset=\"http:\/\/www.jordenrunt.nu\/resa\/wp-content\/uploads\/2018\/06\/gjirokaster-albanien-fortet-kanon-planet.jpg 1000w, http:\/\/www.jordenrunt.nu\/resa\/wp-content\/uploads\/2018\/06\/gjirokaster-albanien-fortet-kanon-planet-300x196.jpg 300w\" sizes=\"(max-width: 1000px) 100vw, 1000px\" \/><\/p>\n<p>&nbsp;<\/p>\n<p><img loading=\"lazy\" src=\"http:\/\/www.jordenrunt.nu\/resa\/wp-content\/uploads\/2018\/06\/gjirokaster-albanien-fortet-plan1.jpg\" alt=\"gjirokaster-albanien-fortet-plan1\" width=\"1000\" height=\"587\" class=\"alignnone size-full wp-image-43207\" srcset=\"http:\/\/www.jordenrunt.nu\/resa\/wp-content\/uploads\/2018\/06\/gjirokaster-albanien-fortet-plan1.jpg 1000w, http:\/\/www.jordenrunt.nu\/resa\/wp-content\/uploads\/2018\/06\/gjirokaster-albanien-fortet-plan1-300x176.jpg 300w\" sizes=\"(max-width: 1000px) 100vw, 1000px\" \/><\/p>\n<p>&nbsp;<br \/>\nStridsflygplanet var tvunget att n&ouml;dlanda i Albanien 1957 och piloten blev sl&auml;ppt. Men planet beh&ouml;lls av den albanska kommunistdiktaturen och fraktades till Gjirokastre. En anledning till att planet fraktades dit, kan vara att diktatorn <em>Enver Hoxa<\/em> kom just fr&aring;n Gjirokastre.<br \/>\n&nbsp;<\/p>\n<p><img loading=\"lazy\" src=\"http:\/\/www.jordenrunt.nu\/resa\/wp-content\/uploads\/2018\/06\/gjirokaster-albanien-fortet-plan-narbild.jpg\" alt=\"gjirokaster-albanien-fortet-plan-narbild\" width=\"1000\" height=\"619\" class=\"alignnone size-full wp-image-43208\" srcset=\"http:\/\/www.jordenrunt.nu\/resa\/wp-content\/uploads\/2018\/06\/gjirokaster-albanien-fortet-plan-narbild.jpg 1000w, http:\/\/www.jordenrunt.nu\/resa\/wp-content\/uploads\/2018\/06\/gjirokaster-albanien-fortet-plan-narbild-300x186.jpg 300w\" sizes=\"(max-width: 1000px) 100vw, 1000px\" \/><\/p>\n<p>&nbsp;<br \/>\nN&auml;r du &auml;r klar uppe i fortet (efter en eller ett par timmar) kan du exempelvis ta lite promenader i byn eller bara sitta ned n&aring;gonstans och njuta av utsikten.<br \/>\n&nbsp;<\/p>\n<p><img loading=\"lazy\" src=\"http:\/\/www.jordenrunt.nu\/resa\/wp-content\/uploads\/2018\/06\/gjirokaster-albanien-fortet-skugga.jpg\" alt=\"gjirokaster-albanien-fortet-skugga\" width=\"1000\" height=\"585\" class=\"alignnone size-full wp-image-43200\" srcset=\"http:\/\/www.jordenrunt.nu\/resa\/wp-content\/uploads\/2018\/06\/gjirokaster-albanien-fortet-skugga.jpg 1000w, http:\/\/www.jordenrunt.nu\/resa\/wp-content\/uploads\/2018\/06\/gjirokaster-albanien-fortet-skugga-300x176.jpg 300w\" sizes=\"(max-width: 1000px) 100vw, 1000px\" \/><\/p>\n<p>&nbsp;<\/p>\n<p><img loading=\"lazy\" src=\"http:\/\/www.jordenrunt.nu\/resa\/wp-content\/uploads\/2018\/06\/gjirokaster-albanien-solned.jpg\" alt=\"gjirokaster-albanien-solned\" width=\"1000\" height=\"599\" class=\"alignnone size-full wp-image-43209\" srcset=\"http:\/\/www.jordenrunt.nu\/resa\/wp-content\/uploads\/2018\/06\/gjirokaster-albanien-solned.jpg 1000w, http:\/\/www.jordenrunt.nu\/resa\/wp-content\/uploads\/2018\/06\/gjirokaster-albanien-solned-300x180.jpg 300w\" sizes=\"(max-width: 1000px) 100vw, 1000px\" \/><\/p>\n<p>&nbsp;<br \/>\nText och bild: <b>Robert Karlsson<\/b> (<font color=\"#AC0000\">juni 2018<\/font color>)<br \/>\n&nbsp;<\/p>\n<p><img loading=\"lazy\" src=\"http:\/\/www.jordenrunt.nu\/resa\/wp-content\/uploads\/2018\/06\/gjirokaster-albanien-fortet-selfie2.jpg\" alt=\"gjirokaster-albanien-fortet-selfie2\" width=\"1000\" height=\"654\" class=\"alignnone size-full wp-image-43211\" srcset=\"http:\/\/www.jordenrunt.nu\/resa\/wp-content\/uploads\/2018\/06\/gjirokaster-albanien-fortet-selfie2.jpg 1000w, http:\/\/www.jordenrunt.nu\/resa\/wp-content\/uploads\/2018\/06\/gjirokaster-albanien-fortet-selfie2-300x196.jpg 300w\" sizes=\"(max-width: 1000px) 100vw, 1000px\" \/><\/p>\n<p>&nbsp;<br \/>\n<b>Planera bes&ouml;ket i Gjirokastre<\/b><\/p>\n<p>Staden ligger cirka 23 mil s&ouml;der om huvudstaden Tirana. Fr&aring;n Gjirokastre tar det cirka 1,5 timma med minibuss till kuststaden Sarande och det &auml;r en trevlig resa om cirka sex mil upp och nedf&ouml;r berg. Minibussarna avg&aring;r varje heltimma under dagtid nere vid stora v&auml;gen (till v&auml;nster n&auml;r du kommer ned till stora v&auml;gen) och kostar 300 lek (ca 25 kr).<\/p>\n<p>Gjirokatre ligger dessutom endast tre mil fr&aring;n den albanska och grekiska gr&auml;nsen (gr&auml;ns&ouml;verg&aring;ngen heter Kakavia). Det g&aring;r en direktbuss till Gjirokaster fr&aring;n Ionannina i Grekland (kostar &aring;tta euro och tar ca 1,5 timma). Fr&aring;n Ionannina &auml;r det ytterligare ett par timmar med buss till den <a href=\"http:\/\/www.jordenrunt.nu\/resa\/grekland-kalampaka\"><u><b>grekiska klippstaden Kalampaka<\/b><\/u><\/a> (en fantastisk plats att ocks&aring; bes&ouml;ka).<\/p>\n<p>Uppe i stenstaden finns flera B&#038;B d&auml;r du kan hyra rum. Jag bodde hos en familj och betalade efter en del prutande 1 500 lek (ca 125 kronor) f&ouml;r ett stort rum med s&auml;ng, bord och stolar och badrum. Det &auml;r en ganska l&aring;ng och jobbig vandring upp fr&aring;n minibussarna, men det &auml;r roligare att bo d&auml;ruppe &auml;n p&aring; n&aring;got av hotellen i den nedre delen av Gjirokastre.<\/p>\n<p>Det finns bankomater b&aring;de i den nedre och &ouml;vre delen av staden. Se dock upp med Raiffeisen Bank, de ville ta en avgift om 700 lek (ca 60 kr) n&auml;r jag f&ouml;rs&ouml;kte ta ut pengar i deras bankomat (d&aring; avbr&ouml;t jag uttaget).<\/p>\n<p>&Auml;nnu mer planering p&aring; f&ouml;ljande sajter:<br \/>\n<a href=\"http:\/\/albania.al\/destination\/13\/gjirokastra\" target=\"_blank\">albania.al\/destination\/13\/gjirokastra<\/a><br \/>\n<a href=\"http:\/\/gjirokastra.org\/gjirokastra\/\" target=\"_blank\">www.gjirokastra.org\/gjirokastra<\/a><\/p>\n<p>&nbsp;<br \/>\n<font color=\"#AC0000\"><b>MISSA INTE &#8211; fler platser att bes\u00f6ka i Albanien!<\/b><\/font color><\/p>\n<p>Ytterligare en h\u00f6jdpunkt i Albanien \u00e4r Butrint (tusen\u00e5rig ruinstad), l\u00e4s mer h\u00e4r:<br \/>\n<a href=\"http:\/\/www.jordenrunt.nu\/resa\/butrint-albanien\">www.jordenrunt.nu\/resa\/butrint-albanien<\/a><\/p>\n<p>Missa inte heller staden med tusen f\u00f6nster (Berat), l\u00e4s mer h\u00e4r:<br \/>\n<a href=\"http:\/\/www.jordenrunt.nu\/resa\/berat-albanien\">www.jordenrunt.nu\/resa\/berat-albanien<\/a><\/p>\n<p>Om du har v\u00e4garna f\u00f6rbi huvudstaden Tirana, ta ett stopp f\u00f6r en natt, l\u00e4s mer h\u00e4r:<br \/>\n<a href=\"http:\/\/www.jordenrunt.nu\/resa\/tirana-albanien\">www.jordenrunt.nu\/resa\/tirana-albanien<\/a><\/p>\n<p>Den magiska kustv\u00e4gen l\u00e4ngs Albaniens riviera, l\u00e4s mer h\u00e4r:<br \/>\n<a href=\"http:\/\/www.jordenrunt.nu\/resa\/medelhavskusten-albanien\">www.jordenrunt.nu\/resa\/medelhavskusten-albanien<\/a><\/p>\n<p>&nbsp;<\/p>\n","protected":false},"excerpt":{"rendered":"<p>&nbsp; &nbsp; I s&ouml;dra Albanien hittar du stenstaden Gjirokastra, som kl&auml;ttrar uppf&ouml;r en bergssluttning och l&auml;ngst upp p&aring; toppen tornar det [&hellip;]<\/p>\n","protected":false},"author":1,"featured_media":0,"parent":0,"menu_order":0,"comment_status":"closed","ping_status":"closed","template":"","meta":[],"_links":{"self":[{"href":"http:\/\/www.jordenrunt.nu\/resa\/wp-json\/wp\/v2\/pages\/43192"}],"collection":[{"href":"http:\/\/www.jordenrunt.nu\/resa\/wp-json\/wp\/v2\/pages"}],"about":[{"href":"http:\/\/www.jordenrunt.nu\/resa\/wp-json\/wp\/v2\/types\/page"}],"author":[{"embeddable":true,"href":"http:\/\/www.jordenrunt.nu\/resa\/wp-json\/wp\/v2\/users\/1"}],"replies":[{"embeddable":true,"href":"http:\/\/www.jordenrunt.nu\/resa\/wp-json\/wp\/v2\/comments?post=43192"}],"version-history":[{"count":25,"href":"http:\/\/www.jordenrunt.nu\/resa\/wp-json\/wp\/v2\/pages\/43192\/revisions"}],"predecessor-version":[{"id":43506,"href":"http:\/\/www.jordenrunt.nu\/resa\/wp-json\/wp\/v2\/pages\/43192\/revisions\/43506"}],"wp:attachment":[{"href":"http:\/\/www.jordenrunt.nu\/resa\/wp-json\/wp\/v2\/media?parent=43192"}],"curies":[{"name":"wp","href":"https:\/\/api.w.org\/{rel}","templated":true}]}}